8*w**2 - 13*w - 7. Let v(o) = 20*o**3 - 16*o**2 + 27*o + 13. Let q(h) = 9*t(h) + 4*v(h). Calculate q(7).
-25
Let z(j) = -4*j - 13. Let y(b) = 3. Let d(a) = -9*y(a) + z(a). What is d(-11)?
4
Let k be (-36)/24*(-3 - -1)*1. Let n(r) = -10*r**2 + 3*r. Let p(f) = -7*f**2 + 2*f - 1. Let o(a) = k*n(a) - 4*p(a). Give o(-3).
-17
Let f(q) = 5*q - 6*q + 5 - 10. Let z(c) = -71. Let m(h) = -h. Let p(v) = 5*m(v) + z(v). Let t be p(-13). Give f(t).
1
Let m(u) be the third derivative of 2*u**5/15 - 19*u**4/8 + u**3/6 - 2*u**2 - 34. Give m(7).
-6
Suppose -137*b = -303*b. Let l(r) be the third derivative of 33*r**2 - 5/6*r**3 + b*r + 0 - 1/6*r**4. Calculate l(-5).
15
Suppose 1367*c - 1369*c + 5*f + 35 = 0, 0 = 5*c + 4*f - 5. Let n(l) = -44*l + 216. Calculate n(c).
-4
Suppose 30*g - g = 0. Let d(f) = 4*f + 2. Let w be d(4). Let k(r) = 17*r**2 + 6 - w*r**2 - 31. Give k(g).
-25
Let i(v) = 2*v + 37. Let b(r) = -r**3 - r - 21. Let k be b(0). Let t be i(k). Let o(c) = 0*c**3 + 5*c**3 - 4*c**3 + 3*c**2 + 5*c + 3*c**2. What is o(t)?
0
Suppose -6*d + 18 = -5*d. Let a(h) = h + 25*h + 3 - d*h - 7*h. Determine a(4).
7
Suppose 0 = 145*z - 147*z - 2*q + 14, -3*z + q = -13. Let l(v) = -v - 9. Calculate l(z).
-14
Let s(b) = -b + b**2 - 4*b - b + 1. Let w be (-560)/8 - (0 - -1). Let m = -66 - w. Determine s(m).
-4
Let c(i) = -7*i**2 - i - 2. Let a(j) = -8*j**2 - 1. Let k(b) = 5*a(b) - 6*c(b). Let w = -29 - -35. Let o(l) = l**2 - 8*l + 7. Let h be o(w). Calculate k(h).
27
Let w(m) = -m**2 - 20. Suppose -3*p - 7 + 3 = t, -4*t - 80 = -4*p. Let y be t/(-80)*0/(-1). Determine w(y).
-20
Suppose -6 + 2 = -2*f - 4*l, -2*l = -2*f + 4. Let x(b) = -f + 4 + 2*b**2 + 0*b + b. Let d be 22/(-11) - (-5 + (13 - (5 + 2))). Calculate x(d).
17
Let f(q) = -13*q + 6. Let d = -12174 - -12172. Give f(d).
32
Suppose -10*h + 9*h + 2 = 0. Suppose -4*k = 3*d - 2, -15*d = -2*k - 18*d - h. Let x(b) = -5*b - 2. Calculate x(k).
-12
Let t(u) be the third derivative of u**6/120 - u**5/3 + 25*u**4/8 + 3*u**3/2 + u**2 - 107*u - 2. What is t(15)?
9
Let c(z) be the third derivative of z**5/20 - z**4/3 + z**3 - 1893*z**2. Calculate c(3).
9
Let y(c) = 64*c - 326. Let v(f) = 40*f - 217. Let i(w) = -7*v(w) + 5*y(w). What is i(3)?
9
Let i(p) = 64 + 33 - 114 + 53 + 29 + 16*p + p**2. Determine i(-7).
2
Let w(y) = -y - 3. Suppose 78 = 3*f + 66. Suppose -c + 48 = f*n - 3*c, -n = c - 6. Suppose n*q = q - 72. What is w(q)?
5
Let z(n) = n**2 + 6. Suppose 10*d - 128 = 6*d. Suppose 2*q - 5 = -2*x + x, 4*x - 5*q + d = 0. Let k = x + 3. What is z(k)?
6
Let x = 10140 - 10132. Let n(c) = c**2 - 7*c - 21. Determine n(x).
-13
Suppose -8 + 4 = -3*o + 4*s, -5*s - 5 = -5*o. Suppose -5*x + 2 = -o*v - 4*v, -3*v + 8 = x. Let g(q) = -3*q**2 + 2. Give g(x).
-10
Let t(c) = 85 + 70 + 8*c - 112. What is t(-6)?
-5
Let h(l) be the second derivative of -1/2*l**4 + 0*l**2 + 0*l**3 + 0 - 1/360*l**6 - 24*l - 1/40*l**5. Let c(t) be the third derivative of h(t). Calculate c(5).
-13
Let w(x) = 2*x - 11. Let c = 747 + -746. Let i be ((c/3*0)/2)/(-1). Give w(i).
-11
Let r = 433 - 409. Suppose 10*b - g = 12*b - r, 2*b - 2*g - 36 = 0. Let z(l) = -l**2 + 14*l - 8. Determine z(b).
-8
Let r(m) = 2*m**2 - 3*m + 3. Let p be 1/4 + 925/(-100) + 4. Let l(h) = 5*h + 27. Let z be l(p). Calculate r(z).
5
Let s be 15/((-9)/3) + 3. Let u be 4/8*2 - (-3)/3. Let r(j) = 29*j**3 - 27*j**3 + 66 + j + u*j**2 - 64. Give r(s).
-8
Let p be (24/10)/((-128)/160). Let w(r) = r**3 + 4*r**2 - 11. Calculate w(p).
-2
Let d(l) = -l**3 + 8*l**2 + l - 9. Let b(j) = j**3 - j**2 + 2. Let w be b(2). Give d(w).
69
Let t(p) = p**3 + 11*p**2 + 6*p - 42. Let h = 98 + -108. Let u be t(h). Let k(a) = a**3 + 2*a**2 + a - 2. Determine k(u).
-4
Let y(x) = -x**3 + 2*x**2 - 1. Let p = 390 + -386. Suppose p*j = 2*i - 4 + 14, -j + 2 = -i. Calculate y(j).
-10
Let x(f) = -2*f + f**3 - f + f**3 + 37 - 3*f**3 + 7*f + 6*f**2 - 32. Suppose 4*j - 3*j = 7. What is x(j)?
-16
Let d(u) = -248*u + 493*u - u**3 - 6*u**2 - 8 - 255*u. What is d(-3)?
-5
Let v(a) be the second derivative of -2*a**3 + 55*a**2 + 4371*a. Determine v(9).
2
Let u(t) = -2*t**2 - 10*t - 1. Let x be u(-5). Let k be (-41)/(-41)*(x + -1). Let j(m) = 4*m**2 + 2*m - 1. Determine j(k).
11
Let h(b) = 2*b**2 - 2. Suppose -20 = -5*f + 5*k, 4*f - 3*f = -k - 4. Let x be (-4 + 5)*(1 + f)*25. Suppose -23 + 7 = -2*u - 4*r, -x = 5*u - 3*r. Calculate h(u).
6
Suppose 0 = 2*c - 2*q - 108, 0*c = -5*c - 3*q + 254. Let m = c - 48. Suppose -2*f - 2 = -m*r - 0*r, -3*r = 5*f - 21. Let l(g) = 4*g + 2. What is l(r)?
10
Suppose -5*u - 21*u = -8*u - 198. Let i(x) = -x**2 + 12*x - 9. What is i(u)?
2
Let p(x) = x**3 - x**2 - 2*x + 3. Let r be p(2). Suppose -r*q - 7 = -22. Let m(v) = v**2 - 3*v + 4*v - q + 4*v + 9. Determine m(-3).
-2
Let b(f) = -f**3 - 3*f**2 + 6*f + 23. Let n be b(-3). Suppose 145*a - 144*a = -n. Let p(u) = u**2 + 9*u - 6. Determine p(a).
-26
Let w(i) = 2*i**2 + 8*i - 85. Let x be w(7). Suppose h - x = -63. Let b(l) = 2*l - 6. What is b(h)?
6
Let l be (4 + 7/(-2))*0. Suppose -2*t = -6 - l. Let o(i) = -3*i**3 - 5*i**2 - i. Let y(w) = 4*w**3 + 4*w**2. Let g(q) = t*o(q) + 2*y(q). Determine g(-6).
-18
Let z(t) = -9*t**2 - 8*t + 67. Let m(o) = -4*o**2 - 5*o + 25. Let h(b) = -7*m(b) + 3*z(b). Determine h(-4).
-2
Let o = -408 + 415. Let h(m) = -27*m + o*m - m**3 + 10*m - 3*m**2 - 7*m**2 - 3. Give h(-9).
6
Let l(z) be the third derivative of z**4/4 + z**3/2 + 2*z**2 - 4*z - 342. Determine l(-3).
-15
Let q(x) be the first derivative of x**2/2 - 13*x + 148. Give q(11).
-2
Let i(h) = 9224*h - 9236*h + 34*h**2 - 36*h**2 - 18. Determine i(-6).
-18
Let o(d) = 3*d**2 - 6*d - 22. Let l be o(7). Let t be 6 - -81 - 4/2. Let f = t - l. Let j(c) = -c - 2. Determine j(f).
-4
Let w(i) = i**3 - 15 - 367*i**2 + 372*i**2 - 3*i + 7*i - 2*i. Determine w(-4).
-7
Suppose 3*g + 4*y = -29, -426*y - 22 = 4*g - 424*y. Let o(n) be the second derivative of n**4/6 - n**3/3 - 2*n**2 + 2*n. Give o(g).
20
Suppose 0 = 3*a + 2560 - 2551. Let h(s) = -s**2 - s + 1. Let v(r) = r**2 + r - 1. Let l(g) = -h(g) - 2*v(g). What is l(a)?
-5
Let i(y) = 3*y + 10. Let w(t) = -3*t**2 + 22*t - 2. Let c be w(-11). Let s = 602 + c. Calculate i(s).
-5
Let u(f) = 8*f + 6. Let t(q) = 7 - 3*q + 9 + 8 - 26 + 0. Let k(s) = 14*t(s) + 5*u(s). Give k(-2).
6
Let j be -4*2 - (184 - 190). Let t(v) = -v**3 - 3*v**2 - 4*v - 3. Give t(j).
1
Let a(s) = -s**2 - 17*s + 4. Suppose -898 = 3*n + 2*v, v = -n - 3*v - 286. Let b = -319 - n. Give a(b).
4
Suppose 0 = 23*q - 123 + 192. Let z(j) be the second derivative of j**3/2 + j**2 - 6*j. What is z(q)?
-7
Let v(o) be the third derivative of -o**6/120 - 11*o**5/60 + 7*o**4/24 + 9*o**3 + 9*o**2 + 3*o + 42. What is v(-11)?
-23
Let h(w) = -w**2 - 7*w + 94. Let d be h(7). Let y(l) = -16*l**2 + 17*l + 5. Let z(c) = -7*c**2 + 8*c + 2. Let k(o) = d*y(o) + 9*z(o). Calculate k(-4).
-2
Let j(q) be the first derivative of -q**4/4 + 7*q**3/3 + 7*q**2/2 + 5*q - 1. Suppose 2*d - 6 = 5*a, -6*d - 3*a - 96 + 150 = 0. Calculate j(d).
-3
Let o(p) be the third derivative of 21*p**2 + 1/24*p**4 + 0 - p - 13/6*p**3. Determine o(7).
-6
Let b(v) be the first derivative of -v**4/4 - 2*v**3/3 - v**2 - v + 2138. Determine b(-3).
14
Let j(s) = 24*s**2 - 8 + 20*s**2 - 7*s + 6 + 10 - 43*s**2. Determine j(6).
2
Let b(m) = -13*m + 52. Let g(q) = 4*q - 17. Let u(l) = 4*b(l) + 14*g(l). Let k(o) = o**2 + 3*o - 79. Let x be k(8). Calculate u(x).
6
Let d(r) = -r + 4. Suppose -2*m = 3*p - 5, 4*m + 5*p = p + 4. Let k be (24/6)/m - 1*3. What is d(k)?
9
Let l(n) = -n - 13. Let g(d) = -d - 13. Let p = -171 + 175. Let r(f) = p*l(f) - 5*g(f). Determine r(-8).
5
Let b(d) be the first derivative of -4*d**2 + 8/3*d**3 + 229 + 1/4*d**4 + 6*d. Calculate b(-9).
-3
Let m be ((-15)/(-9))/(1/(-3)). Let d(l) = 21*l**2 + 2*l + 211. Let u(v) = -23*v**2 - 3*v - 230. Let s(i) = -12*d(i) - 11*u(i). Calculate s(m).
-22
Let q(r) = -12*r + 1. Let j = 460 + -455. Suppose -g - 3*g = 4*i + 4, 4 = -4*i + j*g. Calculate q(i).
13
Let d(o) = -o**3 - 5*o**2 + 4*o - 7. Let t = 96 - 69. Suppose 0 = -t*j + 12*j - 90. Determine d(j).
5
Let z = -6 - -5. Let c(l) = -4*l**2 - 8*l**2 - l**2 + 4*l + 4*l**2 + 3*l**3 - 5. Let n(q) = -q**3 - q. Let f(a) = z*c(a) - 4*n(a). Calculate f(-9).
5
Let u = 20 + -13. Let o = 8 - u. Let j(a) = 5*a - 1. Let t be j(o). Let x